{"id":531,"date":"2017-09-02T17:47:55","date_gmt":"2017-09-02T15:47:55","guid":{"rendered":"http:\/\/xn--les-archers-de-vina-nyb.fr\/?page_id=531"},"modified":"2017-09-29T16:29:29","modified_gmt":"2017-09-29T14:29:29","slug":"le-tir-a-larc-et-les-traditions","status":"publish","type":"page","link":"https:\/\/xn--les-archers-de-vina-nyb.fr\/?page_id=531","title":{"rendered":"Le Tir \u00e0 l&rsquo;Arc et les Traditions"},"content":{"rendered":"<p><span style=\"color: #0000ff;\"><strong>Le Tir \u00e0 l&rsquo;Arc s&rsquo;accompagne de traditions anciennes que le club des Archers de Vin\u00e7a s&rsquo;efforce de suivre avec les moyens dont il dispose.<\/strong><\/span><br \/>\n<span style=\"color: #0000ff;\"><strong> Tous les ans nous respectons ces rendez-vous que sont la f\u00eate de Saint S\u00e9bastien, notre Saint-Patron, le Tir de l&rsquo;Abat l&rsquo;Oiseau et le Bouquet Provincial.<\/strong><\/span><\/p>\n<p><span style=\"color: #0000ff;\"><strong>Qui \u00e9tait Saint S\u00e9bastien ?<\/strong><\/span><\/p>\n<p><span style=\"color: #0000ff;\"><strong>Les d\u00e9tails de la vie l\u00e9gendaire de Saint S\u00e9bastien reposent essentiellement sur un rapport hagiographique r\u00e9dig\u00e9 en 826 par le moine Odilon. Ce document aurait \u00e9t\u00e9 \u00e9crit au moment du transfert de la relique du Saint \u00e0 l\u2019abbaye Saint M\u00e9dard de Soissons.<\/strong><\/span><\/p>\n<p><span style=\"color: #0000ff;\"><strong>S\u00e9bastien serait n\u00e9 en 260 \u00e0 \u00ab\u00a0<em>Narbo Martia\u00a0\u00bb<\/em> (Narbonne) d\u2019un p\u00e8re gaulois et d\u2019une m\u00e8re milanaise. Issu d\u2019une famille prosp\u00e8re, il aurait re\u00e7u \u00e0 Milan toute l\u2019\u00e9ducation, les privil\u00e8ges et opportunit\u00e9s que son origine implique. Il se serait engag\u00e9 \u00e0 l\u2019\u00e2ge adulte dans l\u2019arm\u00e9e en 283 et se serait vite distingu\u00e9 par sa loyaut\u00e9, son intelligence et sa bravoure. Sous le r\u00e8gne de l\u2019empereur Diocl\u00e9tien, dont il aurait \u00e9t\u00e9 \u00ab un bon ami \u00bb et un \u00ab favori \u00bb, il aurait \u00e9t\u00e9 fait officier de l\u2019arm\u00e9e imp\u00e9riale et capitaine de la garde.\u00a0L\u2019empereur, par souci d\u2019unification id\u00e9ologique, partant du principe \u00ab un seul Empire, une seule religion \u00bb, aurait choisi de pers\u00e9cuter les chr\u00e9tiens dont 2000 d\u2019entre eux seraient morts \u00e0 cause de leur foi.\u00a0Si nous ne savons pas \u00e0 quel moment de sa vie S\u00e9bastien serait devenu chr\u00e9tien, nous savons que l\u2019empereur aurait ignor\u00e9 que S\u00e9bastien \u00e9tait chr\u00e9tien. Pendant l\u2019\u00e9puration id\u00e9ologique, S\u00e9bastien aurait profit\u00e9 des pr\u00e9rogatives attach\u00e9es \u00e0 son grade, pour aider et consoler les captifs en prison ; endroit o\u00f9 il aurait fait de nombreuses conversions parmi le personnel. Il aurait ensuite convaincu le pr\u00e9fet de Rome, Chromatius, apr\u00e8s l\u2019avoir gu\u00e9ri de sa goutte, de lib\u00e9rer les prisonniers et les esclaves. Le fils du pr\u00e9fet, Tibutius, suivit la voie montr\u00e9e par son p\u00e8re et fut baptis\u00e9.<\/strong><\/span><\/p>\n<p><span style=\"color: #0000ff;\"><strong>Mais un jour de l\u2019an 286, il aurait \u00e9t\u00e9 d\u00e9nonc\u00e9 puis amen\u00e9 devant l\u2019empereur qui ne se doutait de rien. L\u2019empereur se serait ensuite efforc\u00e9 par toutes sortes d\u2019artifices de le d\u00e9tourner de la foi du Christ. Mais, comme il n\u2019aurait obtenu aucun changement, il l\u2019aurait alors condamn\u00e9 \u00e0 \u00eatre transperc\u00e9 de fl\u00e8ches, non pas par la garde pr\u00e9torienne de peur qu\u2019elle se soul\u00e8ve, mais par une troupe d\u2019archers mercenaires : les Numides (Kabyles).\u00a0S\u00e9bastien, d\u00e9pouill\u00e9 de ses v\u00eatements, ligot\u00e9 \u00e0 un arbre et cribl\u00e9 de fl\u00e8ches, aurait \u00e9t\u00e9 laiss\u00e9 pour mort. Pendant la nuit, une femme nomm\u00e9e Ir\u00e8ne, serait venue enlever le corps transperc\u00e9 qui respirait encore, puis l\u2019aurait ramen\u00e9 chez elle, o\u00f9 il aurait \u00e9t\u00e9 soign\u00e9 par des anges ou cette femme, suivant les r\u00e9cits et illustrations.\u00a0Une fois r\u00e9tabli, S\u00e9bastien n\u2019aurait pas cherch\u00e9 \u00e0 fuir mais plut\u00f4t secourir une derni\u00e8re fois ses fr\u00e8res chr\u00e9tiens. Ainsi, il aurait d\u00e9fi\u00e9 une derni\u00e8re fois l\u2019empereur qui, furieux et vex\u00e9, l\u2019aurait \u00e0 nouveau condamn\u00e9 Le 20 janvier 288, \u00e0 l\u2019hippodrome de Rome, S\u00e9bastien serait mort par lapidation puis jet\u00e9, encore ensanglant\u00e9, dans la Cloaca Maxima (\u00e9gouts) afin que le corps du martyr ne soit pas v\u00e9n\u00e9r\u00e9 plus tard.<\/strong><\/span><\/p>\n<p><span style=\"color: #0000ff;\"><strong>L\u2019histoire veut que le Christ aurait permis \u00e0 S\u00e9bastien d\u2019appara\u00eetre en songe \u00e0 une Dame de Rome nomm\u00e9e Lucine, lui r\u00e9v\u00e9lant ainsi o\u00f9 \u00e9tait son corps afin qu\u2019elle l\u2019ensevelisse pr\u00e8s des catacombes o\u00f9 reposaient les restes des souverains pontifes.\u00a0Voil\u00e0 l\u2019histoire suppos\u00e9e du double martyr romain S\u00e9bastien. A sa mort il est \u00e0 la fois un saint protecteur, militaire et martyr. Mais son histoire ne s\u2019arr\u00eate pas l\u00e0.<\/strong><\/span><\/p>\n<p><span style=\"color: #0000ff;\"><strong>(\u2026)<\/strong><\/span><\/p>\n<p><span style=\"color: #0000ff;\"><strong>Un \u00e9pais voile de myst\u00e8res recouvre la vie de Saint S\u00e9bastien. Une grande partie de son histoire semblerait \u00eatre li\u00e9e \u00e0 d\u2019anciens mythes puisque Saint S\u00e9bastien se rapproche \u00e9tonnement du dieu grec de la clart\u00e9 solaire, de la beaut\u00e9, de la raison, de la divination, des purifications et des gu\u00e9risons : Apollon. Tous deux ont pour attribut des outils de l\u2019archerie : Apollon l\u2019arc et S\u00e9bastien la fl\u00e8che. Tous deux sont repr\u00e9sent\u00e9s par une nudit\u00e9 et une grande beaut\u00e9. Tous deux ont un rapport avec la peste et sa gu\u00e9rison. Et d\u2019ailleurs deux \u00e9pith\u00e8tes hom\u00e9riques d\u2019Apollon se rapprochent nettement de Saint S\u00e9bastien : \u1f11\u03ba\u03ac\u03b5\u03c1\u03b3\u03bf\u03c2 (\u00ab qui repousse au loin \u00bb) et \u1f00\u03bb\u03b5\u03be\u03af\u03ba\u03b1\u03ba\u03bf\u03c2 (\u00ab qui \u00e9loigne le mal \u00bb). De plus, c\u2019est sur le site m\u00eame o\u00f9 l\u2019on \u00e9tablit en 680 l\u2019\u00e9glise San Sebastiano, qu\u2019Auguste avait \u00e9difi\u00e9 un temple d\u00e9di\u00e9 \u00e0 Apollon.\u00a0Cependant, cette concordance entre Apollon et S\u00e9bastien n\u2019est pas sans paradoxe, parce qu\u2019Apollon et S\u00e9bastien sont diam\u00e9tralement oppos\u00e9s : le premier tire les fl\u00e8ches apportant la peste, le second les re\u00e7oit. L\u2019archer s\u2019est donc transform\u00e9 en cible.<\/strong><\/span><\/p>\n<p>&nbsp;<\/p>\n<p><span style=\"color: #0000ff;\"><strong>Source: Saint S\u00e9bastien et l\u2019archerie traditionnelle par Thomas FRESSIN<\/strong><\/span><\/p>\n<p><span style=\"color: #0000ff;\"><strong>Pour la Saint S\u00e9bastien, nous avons opt\u00e9 depuis la cr\u00e9ation du club d&rsquo;effectuer ce tir le vendredi le plus proche de la date du 20 janvier, jour de la f\u00eate, pour commodit\u00e9. Nous tirons la Saint S\u00e9bastien en salle en raison de la participation des enfants, la pr\u00e9sence des familles spectatrices et des temp\u00e9ratures basses \u00e0 cette \u00e9poque de l&rsquo;ann\u00e9e. Nous utilisons notre cr\u00e9neaux horaire du vendredi pour le tir et les festivit\u00e9s qui le suivent (repas, remise des r\u00e9compenses).<\/strong><\/span><\/p>\n<p><span style=\"color: #0000ff;\"><strong>Le Tir de l&rsquo;Abat l&rsquo;Oiseau d\u00e9signe le vainqueur comme \u00ab\u00a0Roy\u00a0\u00bb pour l&rsquo;ann\u00e9e qui suit. Nous nous sommes r\u00e9unis cette ann\u00e9e le 17 juin 2017 sur le terrain de tir, les oiseaux ont \u00e9t\u00e9 r\u00e9alis\u00e9 par Brice. L&rsquo;oiseau du \u00ab\u00a0Roy\u00a0\u00bb a \u00e9t\u00e9 touch\u00e9 \u00e0 la 6\u00e8me vol\u00e9e par Brice, en pr\u00e9sence de M. Ren\u00e9 DRAGUE, Maire de Vin\u00e7a et de son \u00e9pouse qui ont \u00e9galement partag\u00e9 la grillade qui a suivi le tir.<\/strong><\/span><\/p>\n<p><img loading=\"lazy\" class=\"wp-image-558 aligncenter\" src=\"http:\/\/xn--les-archers-de-vina-nyb.fr\/wp-content\/uploads\/2017\/09\/Sans-titre-1-300x137.png\" alt=\"\" width=\"580\" height=\"265\" srcset=\"https:\/\/xn--les-archers-de-vina-nyb.fr\/wp-content\/uploads\/2017\/09\/Sans-titre-1-300x137.png 300w, https:\/\/xn--les-archers-de-vina-nyb.fr\/wp-content\/uploads\/2017\/09\/Sans-titre-1-768x350.png 768w, https:\/\/xn--les-archers-de-vina-nyb.fr\/wp-content\/uploads\/2017\/09\/Sans-titre-1-1024x467.png 1024w\" sizes=\"(max-width: 580px) 100vw, 580px\" \/><\/p>\n<p>&nbsp;<\/p>\n<p>&nbsp;<\/p>\n","protected":false},"excerpt":{"rendered":"<p>Le Tir \u00e0 l&rsquo;Arc s&rsquo;accompagne de traditions anciennes que le club des Archers de Vin\u00e7a s&rsquo;efforce de suivre avec les moyens dont il dispose. Tous les ans nous respectons ces rendez-vous que sont la f\u00eate de Saint S\u00e9bastien, notre Saint-Patron, le Tir de l&rsquo;Abat l&rsquo;Oiseau et le Bouquet Provincial. Qui \u00e9tait Saint S\u00e9bastien ? Les &hellip; <a href=\"https:\/\/xn--les-archers-de-vina-nyb.fr\/?page_id=531\" class=\"more-link\">Continuer la lecture de <span class=\"screen-reader-text\">Le Tir \u00e0 l&rsquo;Arc et les Traditions<\/span> <span class=\"meta-nav\">&rarr;<\/span><\/a><\/p>\n","protected":false},"author":1,"featured_media":0,"parent":317,"menu_order":0,"comment_status":"closed","ping_status":"closed","template":"","meta":[],"_links":{"self":[{"href":"https:\/\/xn--les-archers-de-vina-nyb.fr\/index.php?rest_route=\/wp\/v2\/pages\/531"}],"collection":[{"href":"https:\/\/xn--les-archers-de-vina-nyb.fr\/index.php?rest_route=\/wp\/v2\/pages"}],"about":[{"href":"https:\/\/xn--les-archers-de-vina-nyb.fr\/index.php?rest_route=\/wp\/v2\/types\/page"}],"author":[{"embeddable":true,"href":"https:\/\/xn--les-archers-de-vina-nyb.fr\/index.php?rest_route=\/wp\/v2\/users\/1"}],"replies":[{"embeddable":true,"href":"https:\/\/xn--les-archers-de-vina-nyb.fr\/index.php?rest_route=%2Fwp%2Fv2%2Fcomments&post=531"}],"version-history":[{"count":8,"href":"https:\/\/xn--les-archers-de-vina-nyb.fr\/index.php?rest_route=\/wp\/v2\/pages\/531\/revisions"}],"predecessor-version":[{"id":1698,"href":"https:\/\/xn--les-archers-de-vina-nyb.fr\/index.php?rest_route=\/wp\/v2\/pages\/531\/revisions\/1698"}],"up":[{"embeddable":true,"href":"https:\/\/xn--les-archers-de-vina-nyb.fr\/index.php?rest_route=\/wp\/v2\/pages\/317"}],"wp:attachment":[{"href":"https:\/\/xn--les-archers-de-vina-nyb.fr\/index.php?rest_route=%2Fwp%2Fv2%2Fmedia&parent=531"}],"curies":[{"name":"wp","href":"https:\/\/api.w.org\/{rel}","templated":true}]}}